{"id":1209,"date":"2025-10-05T22:09:46","date_gmt":"2025-10-05T22:09:46","guid":{"rendered":"https:\/\/eniyisecimler.com\/index.php\/home\/"},"modified":"2025-11-04T11:34:27","modified_gmt":"2025-11-04T11:34:27","slug":"en-iyi-secimler-en-uygun-fiyatlar-urun-tavsiyeleri","status":"publish","type":"page","link":"https:\/\/eniyisecimler.com\/","title":{"rendered":"Anasayfa"},"content":{"rendered":"","protected":false},"excerpt":{"rendered":"","protected":false},"author":1,"featured_media":0,"parent":0,"menu_order":0,"comment_status":"closed","ping_status":"closed","template":"tmpl-front-page.php","meta":{"footnotes":""},"class_list":["post-1209","page","type-page","status-publish","hentry"],"yoast_head":"<!-- This site is optimized with the Yoast SEO plugin v27.4 - https:\/\/yoast.com\/product\/yoast-seo-wordpress\/ -->\n<title>En \u0130yi Se\u00e7imler &amp; En Uygun Fiyatlar | \u00dcr\u00fcn Tavsiyeleri<\/title>\n<meta name=\"description\" content=\"En iyi \u00fcr\u00fcnleri ke\u015ffedin! G\u00fcncel tavsiyeler, fiyat kar\u015f\u0131la\u015ft\u0131rmalar\u0131 ve en uygun al\u0131\u015fveri\u015f rehberi. Teknoloji, g\u0131da, tekstil, hediye ve daha fazlas\u0131.\" \/>\n<meta name=\"robots\" content=\"index, follow, max-snippet:-1, max-image-preview:large, max-video-preview:-1\" \/>\n<link rel=\"canonical\" href=\"http:\/\/eniyisecimler.com\/\" \/>\n<meta property=\"og:locale\" content=\"tr_TR\" \/>\n<meta property=\"og:type\" content=\"article\" \/>\n<meta property=\"og:title\" content=\"En \u0130yi Se\u00e7imler &amp; En Uygun Fiyatlar | \u00dcr\u00fcn Tavsiyeleri\" \/>\n<meta property=\"og:description\" content=\"En iyi \u00fcr\u00fcnleri ke\u015ffedin! G\u00fcncel tavsiyeler, fiyat kar\u015f\u0131la\u015ft\u0131rmalar\u0131 ve en uygun al\u0131\u015fveri\u015f rehberi. Teknoloji, g\u0131da, tekstil, hediye ve daha fazlas\u0131.\" \/>\n<meta property=\"og:url\" content=\"http:\/\/eniyisecimler.com\/\" \/>\n<meta property=\"og:site_name\" content=\"www.eniyisecimler.com\" \/>\n<meta property=\"article:modified_time\" content=\"2025-11-04T11:34:27+00:00\" \/>\n<meta name=\"twitter:card\" content=\"summary_large_image\" \/>\n<script type=\"application\/ld+json\" class=\"yoast-schema-graph\">{\"@context\":\"https:\\\/\\\/schema.org\",\"@graph\":[{\"@type\":\"WebPage\",\"@id\":\"http:\\\/\\\/eniyisecimler.com\\\/\",\"url\":\"http:\\\/\\\/eniyisecimler.com\\\/\",\"name\":\"En \u0130yi Se\u00e7imler & En Uygun Fiyatlar | \u00dcr\u00fcn Tavsiyeleri\",\"isPartOf\":{\"@id\":\"http:\\\/\\\/eniyisecimler.com\\\/#website\"},\"datePublished\":\"2025-10-05T22:09:46+00:00\",\"dateModified\":\"2025-11-04T11:34:27+00:00\",\"description\":\"En iyi \u00fcr\u00fcnleri ke\u015ffedin! G\u00fcncel tavsiyeler, fiyat kar\u015f\u0131la\u015ft\u0131rmalar\u0131 ve en uygun al\u0131\u015fveri\u015f rehberi. Teknoloji, g\u0131da, tekstil, hediye ve daha fazlas\u0131.\",\"breadcrumb\":{\"@id\":\"http:\\\/\\\/eniyisecimler.com\\\/#breadcrumb\"},\"inLanguage\":\"tr\",\"potentialAction\":[{\"@type\":\"ReadAction\",\"target\":[\"http:\\\/\\\/eniyisecimler.com\\\/\"]}]},{\"@type\":\"BreadcrumbList\",\"@id\":\"http:\\\/\\\/eniyisecimler.com\\\/#breadcrumb\",\"itemListElement\":[{\"@type\":\"ListItem\",\"position\":1,\"name\":\"Anasayfa\",\"item\":\"http:\\\/\\\/eniyisecimler.com\\\/\"},{\"@type\":\"ListItem\",\"position\":2,\"name\":\"Anasayfa\"}]},{\"@type\":\"WebSite\",\"@id\":\"http:\\\/\\\/eniyisecimler.com\\\/#website\",\"url\":\"http:\\\/\\\/eniyisecimler.com\\\/\",\"name\":\"www.eniyisecimler.com\",\"description\":\"En Do\u011fru &Uuml;r&uuml;n&uuml; &Ouml;neriyoruz.\",\"publisher\":{\"@id\":\"http:\\\/\\\/eniyisecimler.com\\\/#organization\"},\"potentialAction\":[{\"@type\":\"SearchAction\",\"target\":{\"@type\":\"EntryPoint\",\"urlTemplate\":\"http:\\\/\\\/eniyisecimler.com\\\/?s={search_term_string}\"},\"query-input\":{\"@type\":\"PropertyValueSpecification\",\"valueRequired\":true,\"valueName\":\"search_term_string\"}}],\"inLanguage\":\"tr\"},{\"@type\":\"Organization\",\"@id\":\"http:\\\/\\\/eniyisecimler.com\\\/#organization\",\"name\":\"www.eniyisecimler.com\",\"url\":\"http:\\\/\\\/eniyisecimler.com\\\/\",\"logo\":{\"@type\":\"ImageObject\",\"inLanguage\":\"tr\",\"@id\":\"http:\\\/\\\/eniyisecimler.com\\\/#\\\/schema\\\/logo\\\/image\\\/\",\"url\":\"https:\\\/\\\/eniyisecimler.com\\\/wp-content\\\/uploads\\\/2025\\\/10\\\/logo-3.png\",\"contentUrl\":\"https:\\\/\\\/eniyisecimler.com\\\/wp-content\\\/uploads\\\/2025\\\/10\\\/logo-3.png\",\"width\":1437,\"height\":202,\"caption\":\"www.eniyisecimler.com\"},\"image\":{\"@id\":\"http:\\\/\\\/eniyisecimler.com\\\/#\\\/schema\\\/logo\\\/image\\\/\"}}]}<\/script>\n<!-- \/ Yoast SEO plugin. -->","yoast_head_json":{"title":"En \u0130yi Se\u00e7imler & En Uygun Fiyatlar | \u00dcr\u00fcn Tavsiyeleri","description":"En iyi \u00fcr\u00fcnleri ke\u015ffedin! G\u00fcncel tavsiyeler, fiyat kar\u015f\u0131la\u015ft\u0131rmalar\u0131 ve en uygun al\u0131\u015fveri\u015f rehberi. Teknoloji, g\u0131da, tekstil, hediye ve daha fazlas\u0131.","robots":{"index":"index","follow":"follow","max-snippet":"max-snippet:-1","max-image-preview":"max-image-preview:large","max-video-preview":"max-video-preview:-1"},"canonical":"http:\/\/eniyisecimler.com\/","og_locale":"tr_TR","og_type":"article","og_title":"En \u0130yi Se\u00e7imler & En Uygun Fiyatlar | \u00dcr\u00fcn Tavsiyeleri","og_description":"En iyi \u00fcr\u00fcnleri ke\u015ffedin! G\u00fcncel tavsiyeler, fiyat kar\u015f\u0131la\u015ft\u0131rmalar\u0131 ve en uygun al\u0131\u015fveri\u015f rehberi. Teknoloji, g\u0131da, tekstil, hediye ve daha fazlas\u0131.","og_url":"http:\/\/eniyisecimler.com\/","og_site_name":"www.eniyisecimler.com","article_modified_time":"2025-11-04T11:34:27+00:00","twitter_card":"summary_large_image","schema":{"@context":"https:\/\/schema.org","@graph":[{"@type":"WebPage","@id":"http:\/\/eniyisecimler.com\/","url":"http:\/\/eniyisecimler.com\/","name":"En \u0130yi Se\u00e7imler & En Uygun Fiyatlar | \u00dcr\u00fcn Tavsiyeleri","isPartOf":{"@id":"http:\/\/eniyisecimler.com\/#website"},"datePublished":"2025-10-05T22:09:46+00:00","dateModified":"2025-11-04T11:34:27+00:00","description":"En iyi \u00fcr\u00fcnleri ke\u015ffedin! G\u00fcncel tavsiyeler, fiyat kar\u015f\u0131la\u015ft\u0131rmalar\u0131 ve en uygun al\u0131\u015fveri\u015f rehberi. Teknoloji, g\u0131da, tekstil, hediye ve daha fazlas\u0131.","breadcrumb":{"@id":"http:\/\/eniyisecimler.com\/#breadcrumb"},"inLanguage":"tr","potentialAction":[{"@type":"ReadAction","target":["http:\/\/eniyisecimler.com\/"]}]},{"@type":"BreadcrumbList","@id":"http:\/\/eniyisecimler.com\/#breadcrumb","itemListElement":[{"@type":"ListItem","position":1,"name":"Anasayfa","item":"http:\/\/eniyisecimler.com\/"},{"@type":"ListItem","position":2,"name":"Anasayfa"}]},{"@type":"WebSite","@id":"http:\/\/eniyisecimler.com\/#website","url":"http:\/\/eniyisecimler.com\/","name":"www.eniyisecimler.com","description":"En Do\u011fru &Uuml;r&uuml;n&uuml; &Ouml;neriyoruz.","publisher":{"@id":"http:\/\/eniyisecimler.com\/#organization"},"potentialAction":[{"@type":"SearchAction","target":{"@type":"EntryPoint","urlTemplate":"http:\/\/eniyisecimler.com\/?s={search_term_string}"},"query-input":{"@type":"PropertyValueSpecification","valueRequired":true,"valueName":"search_term_string"}}],"inLanguage":"tr"},{"@type":"Organization","@id":"http:\/\/eniyisecimler.com\/#organization","name":"www.eniyisecimler.com","url":"http:\/\/eniyisecimler.com\/","logo":{"@type":"ImageObject","inLanguage":"tr","@id":"http:\/\/eniyisecimler.com\/#\/schema\/logo\/image\/","url":"https:\/\/eniyisecimler.com\/wp-content\/uploads\/2025\/10\/logo-3.png","contentUrl":"https:\/\/eniyisecimler.com\/wp-content\/uploads\/2025\/10\/logo-3.png","width":1437,"height":202,"caption":"www.eniyisecimler.com"},"image":{"@id":"http:\/\/eniyisecimler.com\/#\/schema\/logo\/image\/"}}]}},"_links":{"self":[{"href":"https:\/\/eniyisecimler.com\/index.php\/wp-json\/wp\/v2\/pages\/1209","targetHints":{"allow":["GET"]}}],"collection":[{"href":"https:\/\/eniyisecimler.com\/index.php\/wp-json\/wp\/v2\/pages"}],"about":[{"href":"https:\/\/eniyisecimler.com\/index.php\/wp-json\/wp\/v2\/types\/page"}],"author":[{"embeddable":true,"href":"https:\/\/eniyisecimler.com\/index.php\/wp-json\/wp\/v2\/users\/1"}],"replies":[{"embeddable":true,"href":"https:\/\/eniyisecimler.com\/index.php\/wp-json\/wp\/v2\/comments?post=1209"}],"version-history":[{"count":1,"href":"https:\/\/eniyisecimler.com\/index.php\/wp-json\/wp\/v2\/pages\/1209\/revisions"}],"predecessor-version":[{"id":1325,"href":"https:\/\/eniyisecimler.com\/index.php\/wp-json\/wp\/v2\/pages\/1209\/revisions\/1325"}],"wp:attachment":[{"href":"https:\/\/eniyisecimler.com\/index.php\/wp-json\/wp\/v2\/media?parent=1209"}],"curies":[{"name":"wp","href":"https:\/\/api.w.org\/{rel}","templated":true}]}}